posite?
True
Suppose -4 = 2*h - 174. Let q = -84 + h. Is -4 - (3113/(-44) - q/4) a composite number?
False
Let j(c) = -c**2 + 14*c + 14. Let m be j(17). Let g = m - -42. Suppose -3*p = p + g*o - 513, -2*o = -4*p + 506. Is p composite?
False
Suppose 3*b = -a + 64, -5*a + 57 = -3*b + 151. Let n(w) = 43*w - 88. Is n(b) prime?
False
Suppose h + 3*h - 3*i - 237 = 0, 2*i - 302 = -5*h. Let f be (-1 + 0/(-2))/((-10)/h). Is (-678)/4*f/(-9) a composite number?
False
Let d(n) = 144*n - 135*n - 6 + 157*n**2 - 33. Is d(-11) a prime number?
True
Is 131787 + 5 + 0 - (-7 + 2) prime?
True
Suppose 5*g + 340 = 5*y + g, -3*g = 0. Let b(l) = 154*l + 471. Let d be b(-3). Let j = d + y. Is j a prime number?
False
Suppose 15*j + 810267 - 1074163 = 1726439. Is j prime?
True
Suppose -3*m + 4*m = -4*f + 356537, -5*f + 4*m = -445687. Is f a composite number?
True
Is (-4)/36 + (71794460/36)/5 a prime number?
False
Let i(r) = 1071*r**2 - 14*r - 151. Is i(-6) composite?
True
Suppose 3*n + 7 = b - 46, -2*b - 2*n = -66. Suppose b*t + 79271 = 55*t. Is t a prime number?
True
Suppose -d - 1 = 0, -7*z + 4748 = -5*z + 2*d. Suppose h - 11116 = 8*h. Let n = z + h. Is n a composite number?
False
Let m(i) = 1142*i**2 - 92*i - 1. Let y be m(-5). Suppose -3*a + 2*f = -22682 + 5279, 0 = -5*a + 2*f + y. Is a a composite number?
True
Let g(r) = r**3 - 4*r**2 - 9*r - 13. Let u be g(6). Let o(c) = 585*c**3 + 4*c**2 - 30*c + 96. Is o(u) prime?
False
Let j(d) = d**3 - 3*d**2 - 130*d + 4. Let r be j(-10). Let w(o) = -2*o - 12. Let k be w(-8). Suppose -k*p - 1407 = r*q - 4419, 3*q + 3765 = 5*p. Is p prime?
False
Let w = 38 + -46. Let x(a) = 45*a**2 - 6*a - 14. Let l be x(w). Let u = -1445 + l. Is u a prime number?
False
Let l = -40 + 42. Suppose -4*h = 5*p - l, 4*p + 1 + 1 = -2*h. Suppose -653 = -2*c + h*o, -4*c = -4*o - 88 - 1208. Is c a composite number?
True
Let v be ((-344)/(-14))/(4/14). Let i = v - 82. Suppose 0 = 7*n - 3*n + i*z - 936, -4*n + 954 = -2*z. Is n prime?
False
Let q(j) = j**3 - 19*j**2 + 20*j - 32. Let w be q(18). Suppose 0 = w*b - 11*b + 15127. Is b a prime number?
True
Suppose 4*p + 20 = -0*p, 0 = -2*f - 5*p + 1665. Let q be 2452 + 16 + 1*-2. Suppose -i + q = f. Is i prime?
True
Suppose 11 = -5*d - 2*g + g, -4 = -4*d - 4*g. Let j be (3/d)/((-6)/(-1530)). Let m = 416 - j. Is m composite?
True
Suppose 5138 = -9*x + 20267. Let k = 2894 - x. Is k a prime number?
True
Let g(v) be the third derivative of 0*v + 1/12*v**5 + 1/6*v**4 - 15*v**2 + 1/30*v**6 - 1/6*v**3 + 0. Is g(6) a composite number?
True
Let v(g) = 5458*g**3 - 3*g**2 + 5. Let o be v(-2). Is o/(-12) + (-18)/72 composite?
True
Let h be 225/4 + (-6)/24. Suppose -i = -h - 993. Is i a prime number?
True
Let p(m) = 4*m**2 - 7*m + 1. Let v be p(0). Is (11061/18)/(v*(-3)/(-6)) a prime number?
True
Let b be 4 + -1 + 1*-8144. Let s = -4391 - b. Suppose -4*n - a = 3*a - 2964, 0 = -5*n + 4*a + s. Is n composite?
True
Is (6/(-48))/((-66)/173831856) a prime number?
False
Let y = -246 + 344. Suppose 2*a - 5*a + 6 = 0. Suppose -y = -a*g - 30. Is g composite?
True
Let r be ((-228)/15)/(8/(-20)). Let h be ((-50)/20)/((-1)/(-30)). Let l = r - h. Is l a prime number?
True
Let d be ((-1)/(-2))/(3 - (-15)/(-6)). Is 30732/39*(5/4)/d a prime number?
False
Let t = -54174 + 178867. Is t prime?
True
Suppose -4*z - 7 = -15. Let p be (-3)/z + -69*(-214)/12. Let h = 2067 - p. Is h a prime number?
False
Suppose -728269 + 3210790 = 22*k - 1413041. Is k a prime number?
False
Let l(r) = r**3 + 7*r**2 - 62*r + 10. Let i be l(5). Suppose i = w + 2*p - 2343, -w + 7*p = 3*p - 2313. Is w a prime number?
True
Let x(u) = -926*u - 14. Let w be x(-5). Suppose 0 = 4*i - 3*k - w, 3*i = -i - k + 4600. Is i composite?
False
Suppose 0 = v - 2, -4*z - 5*v + 16 = -9*v. Let s(j) = 1135*j + 29. Is s(z) a prime number?
False
Is 15715240/59 + -5 + -4 composite?
False
Let q = 40544 + 179957. Is q a prime number?
False
Let f = 1299466 + -910289. Is f a composite number?
True
Let q(k) = k**2 + 28*k + 34. Let h be q(-26). Is 1/6 + (-30975)/h prime?
True
Suppose 5210873 = 61*m + 1615716. Is m a prime number?
True
Suppose 3*l - 5*l = -20. Suppose -2*s - 1288 = -l*s. Suppose -5*h = -5*m - 1455, -3*m - 1327 = -4*h - s. Is h composite?
False
Suppose -590 = -16*h - 46. Suppose 0 = h*s + 66955 - 775549. Is s composite?
True
Let a = 35991 - 17108. Is a a prime number?
False
Suppose 408*m - 429*m + 17303181 = 0. Is m composite?
False
Let c = -19034 + 27288. Is c prime?
False
Suppose 599*j - 177624930 = 389*j. Is j a composite number?
False
Suppose 956*z + 3777710 = 1923*z - 957*z. Is z prime?
True
Suppose 196150 = 17*u + 24282 - 60505. Is u prime?
True
Suppose q = 12*r - 13*r + 379760, -q = -2*r + 759511. Is r a prime number?
False
Let d(c) = c + 29. Let x be d(-26). Suppose -x*b + 375 = -2844. Is b a composite number?
True
Is (3/6)/(0 + (-2)/(-242236)) prime?
False
Let o(s) = 601*s**2 + 20*s - 45. Let h be o(7). Suppose 18*x - h = -8898. Is x a composite number?
True
Suppose -2*k - 23*m = -25*m - 11788, -5919 = -k - 4*m. Is k prime?
False
Is (-1*(4 + -2))/(4 - 3) + 27091 prime?
False
Let o(v) = 115*v**2 - 3*v + 139. Let i be o(-10). Suppose i = 5*r - 2*j, 4*j = 3*r + 8*j - 6991. Is r a prime number?
True
Let s(u) = -1957*u**3 - 5*u**2 + 2*u - 1. Let f be s(-2). Suppose 6*m = 20471 + f. Is m composite?
True
Suppose 4 - 40 = -6*j. Let q(a) = 471*a + 113. Is q(j) a composite number?
False
Suppose -2*n - 5*h + 25307 = 0, 5*h + 11793 = 3*n - 26205. Suppose -j = y - 9485 + 3147, 2*y + 5*j = n. Is y prime?
True
Let m(n) = 270*n**3 - 14*n**2 + 3*n + 9. Is m(8) a prime number?
False
Let i(x) = -x. Let c(l) = 2*l**2 + 28*l + 52. Let r(a) = -c(a) + 3*i(a). Is r(-13) a composite number?
False
Suppose -6 = 2*x - 16, -2*x + 272068 = 2*w. Suppose -14*n + w = -54553. Is n a prime number?
True
Let p = -1488 - -9008. Suppose -c = 5*v - p, 0 = c + 4*v - 5483 - 2032. Is c a prime number?
False
Is 66/30 + 541440/50 a composite number?
False
Is 136779/30 - (-3)/(-10) composite?
True
Let y be 6*9/(-27)*-1*1. Suppose 4604 = 3*a + 3*r + 2*r, 3*a = y*r + 4639. Is a composite?
False
Let x(p) = -p**2 + 10*p - 6. Let r be x(8). Let v be 42/70 + (-92)/20. Is (-38811)/(-85) - v/r composite?
False
Suppose 11*c - 12*c = -1. Let f be 3 + c + (-20)/5. Suppose f = -3*n + 5*n - 6454. Is n composite?
True
Let c(n) be the first derivative of 368*n**3/3 - n**2/2 + 4*n - 2. Let g be c(2). Suppose 5*u - g = -5*d + 71, -8 = -4*d. Is u composite?
False
Let f = 10 - -9. Let s be (2574/195)/((-9)/(-60)). Let l = s - f. Is l composite?
True
Let p = 190810 + -123423. Is p a composite number?
True
Suppose -267*x + 23773326 = -10*x - 118791256. Is x a composite number?
True
Suppose 277 = -14*p - 5519. Let g = 905 + p. Is g a composite number?
False
Suppose -2*q = v + 23, -4*q - 87 - 13 = 4*v. Let i(t) = -103*t - 172. Is i(v) a composite number?
False
Suppose -2*k + 8 - 2 = 0. Let h be (63/9)/7*4. Suppose 0 = 4*s - b - 19439, k*b - 19464 = -h*s - b. Is s a composite number?
False
Suppose -118*c + 4554407 = -10454522 - 4185187. Is c a composite number?
True
Suppose -7170 = -o - o. Suppose -7*i = -13*i. Is (o/10)/((-2)/(-4 - i)) a prime number?
False
Let d = 87251 - -65118. Is d a composite number?
True
Let c = 56556 - 36216. Let s be c/(-105) - 2/7. Let p = s + 313. Is p a prime number?
False
Suppose -14*m + 15 = -9*m. Suppose 4*c - 8*c - 5*t = -70578, -17641 = -c - m*t. Is c a composite number?
True
Let v be 1*(-16)/4 + 32. Suppose -3*d + v = 19. Suppose 247 = a + 2*p, d*a + 0*a - p - 755 = 0. Is a prime?
True
Let x(h) = h**3 - 4*h + 5. Suppose 0 = -11*k + 13*k - 16. Let p be x(k). Suppose 16*l - 11*l - p = 0. Is l a composite number?
False
Suppose 8*h + 9*h + 35547 = 0. Let b = h - -3352. Is b a composite number?
True
Let i(h) = -h**3 - 10*h**2 - 3*h - 6. Let j be i(-10). Suppose 17*x = j*x - 54971. Is x composite?
False
Suppose 11*a - 45066 = -14178. Suppose 4*c = -5*g + 38193, g = 3*c + 4823 + a. Is g a prime number?
False
Let f be ((-4)/(-3))/(4 - (-70)/(-18)). Suppose f*m + 3 + 9 = 0. Let s(g) = 1089*g**2 + 3*g + 1. Is s(m) prime?
True
Suppose 2692*s - 2709*s + 11356153 = 0. Is s a composite number?
False
Let t = 194 + -196. Is (-4201)/(t*((-9)/6 + 2)) composite?
False
Let q = -839 - -904. Suppose -54*f = -q*f + 16126. Is 